82130
In base 13, what is 4111a + 1?
4111b
In base 15, what is 4 + 10901?
10905
In base 7, what is -134 - -2641?
2504
In base 8, what is 24056 + -202?
23654
In base 9, what is -865 + -255?
-1231
In base 7, what is 3606 + 3?
3612
In base 3, what is 1 - -11222120?
11222121
In base 3, what is -2 - -20212022?
20212020
In base 3, what is 12122 + 202?
20101
In base 8, what is 16772 + 7?
17001
In base 16, what is 741 - 2e?
713
In base 16, what is -6e + -5fe1?
-604f
In base 11, what is -40a - -915?
506
In base 3, what is -222 + 220112001?
220111002
In base 6, what is -1043 - -1?
-1042
In base 6, what is -1240 + 1325?
45
In base 4, what is 10313121 - -1013?
10320200
In base 4, what is 222213302 - -23?
222213331
In base 4, what is 11 - 121332010?
-121331333
In base 5, what is 1 + -133010?
-133004
In base 11, what is 13a11 + -34?
13988
In base 15, what is a9 - bdc?
-b33
In base 10, what is -294197 - 6?
-294203
In base 8, what is -21 - 74056?
-74077
In base 10, what is 9294 + 9?
9303
In base 5, what is 2221332211 + 10?
2221332221
In base 5, what is 2 + 230044?
230101
In base 2, what is 111001110 + 11010100000?
100001101110
In base 13, what is -388 + 196?
-1c2
In base 5, what is -14133 - 3302?
-22440
In base 6, what is 25035 - 3?
25032
In base 4, what is 31113 + -10010?
21103
In base 8, what is -32165 + -34?
-32221
In base 14, what is b58 + 94?
c0c
In base 12, what is 80 - -30b3?
3173
In base 6, what is 13 + 133523?
133540
In base 16, what is 3eb8 - 2a?
3e8e
In base 8, what is 4 - 741540?
-741534
In base 15, what is 484 - -13a2?
1836
In base 8, what is -366215 - 5?
-366222
In base 10, what is -191 - 14764?
-14955
In base 13, what is -1 - -5003a?
50039
In base 15, what is 666a + 11?
667b
In base 12, what is -1141b2 - -6?
-1141a8
In base 6, what is -12000 - 10?
-12010
In base 10, what is 3 + 170932?
170935
In base 2, what is 1001011010010000010101 + -11?
1001011010010000010010
In base 15, what is -1dc2 - 6?
-1dc8
In base 15, what is -2 - 2001?
-2003
In base 2, what is -1110110100011011110 - -10?
-1110110100011011100
In base 2, what is -1001111101000011 + -11?
-1001111101000110
In base 7, what is -15 + 146465?
146450
In base 4, what is -31233213 - -32?
-31233121
In base 13, what is -1694b1 + 2?
-1694ac
In base 16, what is -5a - -27e?
224
In base 4, what is 330 - -23021?
30011
In base 14, what is -430ba + 19?
-430a1
In base 4, what is 231 + -233322?
-233031
In base 6, what is 1002 - 41?
521
In base 9, what is -88 + -357?
-456
In base 10, what is -8 + 2981?
2973
In base 10, what is -13703 + -33?
-13736
In base 6, what is -2153 - 453?
-3050
In base 3, what is -102112 + -20101?
-122220
In base 4, what is 102332233 + 2?
102332301
In base 10, what is -4 + 370434?
370430
In base 5, what is 4042022 + 2?
4042024
In base 6, what is 20 + -2241?
-2221
In base 4, what is -11 + -120202220?
-120202231
In base 11, what is -248 + -138?
-385
In base 2, what is -100100100100101011 - 1001?
-100100100100110100
In base 9, what is -10825 + -161?
-11086
In base 2, what is 10010100101 - -10111100000?
101010000101
In base 7, what is -2 + -410306?
-410311
In base 2, what is 10011100100100 + 1000?
10011100101100
In base 7, what is 5311 + 54?
5365
In base 15, what is -3a3e9 - 3?
-3a3ec
In base 7, what is 150 - -2622?
3102
In base 4, what is -3101 - -3020?
-21
In base 3, what is 21010 - 21111?
-101
In base 10, what is -3494 - 329?
-3823
In base 12, what is -3 - -6073?
6070
In base 7, what is 1203 - 120?
1053
In base 4, what is 21301 + 2220?
30121
In base 8, what is -21 + -35110?
-35131
In base 14, what is 4c8 - -6b?
555
In base 4, what is -330313113 - -2?
-330313111
In base 10, what is -2 - 1025197?
-1025199
In base 5, what is -324 + -23144?
-24023
In base 8, what is -1263316 - -5?
-1263311
In base 16, what is 5e9d - 2d?
5e70
In base 10, what is -112 - 1776?
-1888
In base 13, what is -4 - 11c6?
-11ca
In base 15, what is -309 + 466?
15c
In base 6, what is -13411 - 302?
-14113
In base 7, what is -316 - 10346?
-10665
In base 14, what is 4bc7 - -68?
4c51
In base 13, what is 10261 - 3?
1025b
In base 14, what is -d5 - 8bc?
-9b3
In base 8, what is 2 - -50175?
50177
In base 7, what is -13 - -1665651?
1665635
In base 4, what is -3 + -2023100?
-2023103
In base 7, what is 43 + 1326?
1402
In base 11, what is -48 + -4a4?
-541
In base 9, what is -514427 + -3?
-514431
In base 8, what is 10 - -23251?
23261
In base 11, what is -389aa - -25?
-38985
In base 11, what is 61 - -3a62?
4013
In base 6, what is 3230104 + 4?
3230112
In base 2, what is -1101111000001001 - 0?
-1101111000001001
In base 10, what is -23554 + 5?
-23549
In base 2, what is 1110000100001110 + 11?
1110000100010001
In base 9, what is -318 - 802?
-1221
In base 4, what is -2201 - 22102?
-30303
In base 6, what is -104 - 120411?
-120515
In base 15, what is 83c + -a2?
78a
In base 10, what is -8114 + 26?
-8088
In base 11, what is 1 + 159157?
159158
In base 15, what is 2 + -2e3e?
-2e3c
In base 3, what is 20102012 + 112000?
20221012
In base 4, what is 10 - 1121301013?
-1121301003
In base 12, what is 1 + 87614b?
876150
In base 11, what is 4a + -209?
-16a
In base 16, what is 14d1 + -46?
148b
In base 15, what is -2 - 4533?
-4535
In base 13, what is -1750 + -4?
-1754
In base 8, what is 4304 + 22?
4326
In base 4, what is -10 + 22123112?
22123102
In base 10, what is 4 - 268123?
-268119
In base 12, what is -11038 - -2?
-11036
In base 6, what is 5012 - -2234?
11250
In base 3, what is -100212121011 - 22?
-100212121110
In base 3, what is -202201 - -1010111?
100210
In base 7, what is 5 + -5335231?
-5335223
In base 13, what is -9 + 2015b?
20152
In base 2, what is 11 - 1110110111000010?
-1110110110111111
In base 7, what is -3026 - -101?
-2625
In base 4, what is -3003330 + -3?
-3003333
In base 3, what is 1210 - -101201?
110111
In base 11, what is -1 - -1a93a?
1a939
In base 2, what is -10110 + 1000101111110?
1000101101000
In base 5, what is 3 + -13024434?
-13024431
In base 2, what is -11010101 - -11010011?
-10
In base 13, what is 20 + 1779?
1799
In base 11, what is 3635a - 0?
3635a
In base 3, what is 100 - -102122021022?
102122021122
In base 10, what is -2901 + 36?
-2865
In base 13, what is 4 + 6188?
618c
In base 8, what is 0 - 376115?
-376115
In base 3, what is 11 - -10212020?
10212101
In base 13, what is -2615 - -76?
-256c
In base 16, what is d + -26?
-19
In base 4, what is 2 + -13113033?
-13113031
In base 12, what is -4 + -305a6?
-305aa
In base 8, what is 4 - -14107?
14113
In base 15, what is -6b8a3 + -9?
-6b8ac
In base 15, what is 4 + 25e871?
25e875
In base 3, what is -10 - -102102100?
102102020
In base 13, what is -1aacc1 - -4?
-1aacba
In base 16, what is 10 - 3847?
-3837
In base 3, what is 1220220 - -121202?
2112122
In base 15, what is -5 - -12e73b?
12e736
In base 6, what is -1552102 - 15?
-1552121
In base 5, what is 133430 + -104?
133321
In base 12, what is -30 + 1a97?
1a67
In base 16, what is -5 + -c2c2?
-c2c7
In base 2, what is 11111000110011 + -110110?
11110111111101
In base 9, what is -4 - -1082744?
1082740
In base 14, what is 12c + -6d?
9d
In base 7, what is -4 + -1500645?
-1500652
In base 10, what is 19553 + -4?
19549
In base 15, what is 2ce1b - -4?
2ce20
In base 2, what is -11101100010011 - -10001?
-11101100000010
In base 8, what is -37613 - 55?
-37670
In base 9, what is -51 + 258?
207
In base 16, what is 15f29 + e?
15f37
In base 13, what is 7b5 - -4?
7b9
In base 15, what is 18d - -e0d?
109b
In base 6, what is -22413 + 205?
-22204
In base 15, what is -3 + d5ec?
d5e9
In base 3, what is 22210 + 10221?
110201
In base 13, what is -351325 - -4?
-351321
In base 12, what is 3654 + 16?
366a
In base 13, what is -aa - 1bc?
-299
In base 6, what is 234 + 4233?
4511
In base 5, what is 1410231 + 0?
1410231
In base 3, what is 21212022 - -12?
21212111
In base 7, what is 4611624 - -3?
4611630
In base 9, what is 5276 + -14?
5262
In base 13, what is -c8 + -677?
-772
In base 8, what is -3 - 613175?
-613200
In base 16, what is 1 + -a4fd?
-a4fc
In base 16, what is -3 - 3fdf?
-3fe2
In base 9, what is 5 + 36884?
37000
In base 2, what is 10101010101 - -1110111?
10111001100
In base 11, what is 679 - 231?
448
In base 15, what is 1cc73 + -4?
1cc6e
In base 4, what is 3032313 + 2121?
3101100
In base 4, what is -11 + 13022001?
13021330
In base 3, what is -2112 + -201020?
-2102